ber?
False
Suppose 5*m - 5*k = -970, -5*k - 1232 = 5*m - 262. Let a = 339 + m. Is a a prime number?
False
Is ((-345)/(-25) + 4)/((-4)/(-20)) prime?
True
Let o(s) = 63*s - 2. Let g(x) = -63*x + 1. Suppose -4 = 5*u - 19. Let d(c) = u*g(c) + 4*o(c). Is d(8) prime?
True
Is (-8596)/(-8)*-2*5/(-5) composite?
True
Suppose 2*j + 4*n - 2909 + 611 = 0, 0 = -4*j - 4*n + 4616. Is j a prime number?
False
Suppose 4*r - 22*r + 6822 = 0. Is r prime?
True
Suppose 5*p + v - 6355 = 6*v, -3*p - 2*v = -3823. Let n = 1895 - p. Let b = n + -431. Is b a prime number?
True
Suppose -b + 1609 = 2*z, 0 = -7*z + 6*z - 4*b + 787. Is z a prime number?
False
Suppose -34*d + 90 = -29*d. Is (1194/d)/(1/15) a prime number?
False
Let n = -2 + 0. Let m(q) = -47*q - 5. Let t be m(n). Suppose -4*w + t = i, i = -3*w + 4*w + 84. Is i prime?
False
Let f(x) = -71*x**3 - 4*x**2 - 3*x + 31. Is f(-8) composite?
False
Let y = 85 - 38. Let s = y + 158. Is s composite?
True
Let b = 1483 + 5296. Is b composite?
False
Let a(w) be the first derivative of -w**4/4 - 4*w**3/3 + 5*w**2/2 + 7*w + 108. Let u(l) = -l**2 + 2*l. Let x be u(-2). Is a(x) composite?
False
Suppose v - 4*v = -x - 3, 4*x = -4*v + 20. Suppose -5*i + v = -4*i. Is i prime?
True
Suppose 2*z - 2*v - 1848 = 0, 656 - 5276 = -5*z + v. Suppose -z = 3*k - 6045. Is k a composite number?
True
Suppose -3*d + 7421 = -1090. Is d composite?
False
Let m(k) = 257*k + 33. Is m(10) a prime number?
False
Let j(u) = 41*u**2 + 13*u - 185. Is j(-22) a composite number?
False
Is (-269128)/(-26) + 20/(-260) a composite number?
True
Let t = 6 - 3. Let i(r) = -2*r**2 - 8 + 96*r**t + 8 + r. Is i(1) composite?
True
Let i = 44 + -16. Let z be (-24)/i*(-42)/9. Suppose z*s - 7*s = -369. Is s composite?
True
Suppose -d = -v + 1, v - 7*d = -2*d - 15. Let z(n) = 27*n**2 - n + 7. Is z(v) a prime number?
True
Let p(c) = -2*c**3 - 6*c**2 - 4*c - 3. Let k(a) = -a**3 + 7*a**2 - 7*a. Let d be k(6). Is p(d) a composite number?
True
Let a(x) = 15*x**3 + 6*x**2 - 9*x + 19. Is a(6) composite?
True
Suppose 2*o = -5*p - 0*o + 14643, 0 = 4*o - 16. Is p a prime number?
True
Suppose -2*t + 6325 = 4*h - 85, 4*t - h - 12820 = 0. Is t prime?
False
Let u be -2 - 8/(1 + -3). Let p be -3 + 12 + 3 + u. Suppose -p*s + 12*s + 106 = 0. Is s a prime number?
True
Let k(p) = -154*p + 7. Suppose 4*j + 5 = 21. Suppose -o - a = j - 2, 3*a - 3 = 0. Is k(o) composite?
True
Let x = 0 + 8. Let h = x + -6. Is 0 - h - (-9 - 402) prime?
True
Let u = -24866 + 42649. Is u a composite number?
False
Suppose -7*k = -3*k + 2*i + 8, -3*k = -4*i + 17. Let f be (k*1)/((-24)/16). Is 501/f - (-3)/6 composite?
False
Suppose -r - 11 = 5*w + 1, -5*r = -3*w - 24. Suppose 2*u = 5*y - 40, 0 = -r*y - 0*y - u + 24. Suppose 7*x + 493 = y*x. Is x a composite number?
True
Let h = 1510 - -147. Is h a composite number?
False
Is (-6)/(-27) + 23738/18 a prime number?
True
Let x be 10*3/30*5. Suppose -2*y + x*k + 309 = 0, y + 0*y + 4*k - 161 = 0. Is y composite?
False
Let w be (-13 - -12)*8*(-42)/4. Is 2/12 + (-182)/w + 505 prime?
True
Let i be (9 - -361)*2/4. Let k be 3*i*1/3. Suppose -q + k - 22 = 0. Is q composite?
False
Suppose 2*t - 6*t = -4*v - 202460, -3*t + 4*v = -151847. Is t a composite number?
True
Let c(x) = -690*x - 91. Is c(-6) a composite number?
False
Let k = -31 + 28. Is ((-1 + -2152)*2)/(k + 1) prime?
True
Let b(h) = -h**2 - 5*h - 3. Let t be b(-2). Suppose -2*a + 238 = -f, -a = a - 2*f - 240. Suppose 4*g - 3*g + t*q - a = 0, -5 = 5*q. Is g a composite number?
True
Is 1*(5 - 11) - -50627 a composite number?
True
Let u = -4743 + 7322. Is u a prime number?
True
Suppose l - 4*m - 1955 = 0, -2*m + 0 = 6. Is l a prime number?
False
Suppose -a = 17 - 5. Let o be ((-282)/a)/(4/232). Suppose 2*s + 3*i - o = 0, 3418 = 5*s - 2*i - i. Is s a prime number?
True
Let j(p) = 177*p**3 - 2*p**2 + p - 1. Let n(z) = z - 2. Let c be n(0). Let q = c + 4. Is j(q) a composite number?
False
Let l = -47 - -50. Is (-41636)/(-4) - ((-3 - -4) + l) a prime number?
False
Let n(w) = -3*w**2 - 103432. Let m be n(0). Is (m/(-12))/((-4)/(-6)) a composite number?
True
Let j(l) = 411*l**2 - 70*l - 885. Is j(-14) prime?
True
Let b be 461 + 8/(-10) + 4/(-20). Let p = b - -329. Is p composite?
True
Let n(u) = -6*u + 6. Let j be n(-5). Let v = -8 + j. Let c = v + 23. Is c a composite number?
True
Let j(z) = 1559*z + 82. Is j(11) a composite number?
False
Suppose -10 = 5*q, 3*w - 2*w - 14 = 2*q. Let p be w/8*(990 + -2). Suppose -2*z = -7*z + p. Is z a composite number?
True
Let y be (-3 + (-6)/(-4))/((-3)/4). Suppose 94 = y*n + 5*h, 8*n = 10*n - 5*h - 54. Is n a composite number?
False
Let p = 22 + -9. Let o(j) = 3*j**2 - 2*j - 14. Is o(p) composite?
False
Suppose -20*v = -44682 - 16118. Suppose 5*o - v = -5*w, 2*o - 3*o - 4*w + 599 = 0. Is o a prime number?
False
Let f(l) be the third derivative of 0*l + 0 + 1/12*l**5 + 13/6*l**3 + 3*l**2 + 7/12*l**4. Is f(-16) prime?
True
Let g(s) = 8 - 22*s + 14*s**2 + 9 - 33 + 9 + s**3. Is g(-10) composite?
False
Suppose 0 = 4*y + 5*g - 29481, 5*y = -5*g + 11580 + 25270. Is y a composite number?
False
Is (4 + (-309)/(-3))/(2/146) a composite number?
True
Let p be -4*5/(40/(-402)). Suppose -x - p = -4*x. Is x prime?
True
Let q(m) = 8*m - 1. Let u be q(1). Suppose -u*i = -3*i. Suppose i*t + 76 = 4*t. Is t a prime number?
True
Let i = 0 + 8. Suppose 4*g - 6*t - 7 = -t, 0 = -2*g + 2*t + 2. Is (-31)/((-20)/i - g) prime?
False
Suppose 0 = 2*m + o + 28, 3*m + 44 = -m + 4*o. Let q(d) = -d**3 - 12*d**2 - 19*d - 5. Is q(m) a composite number?
True
Suppose -21*t = -144294 - 80091. Is t a prime number?
False
Suppose 69 + 1 = 7*d. Let h(x) = 2*x**2 - x**2 - 17 + 17*x - d. Is h(-20) prime?
False
Let c = -29 + 49. Is (((-210)/c)/((-3)/1468))/2 prime?
False
Let h be 17/3 + (-6)/9. Suppose h*s = -4*r + 271, -3*r + 4*r - 4*s = 94. Let d = -37 + r. Is d a composite number?
False
Let n be (-6)/9 - 1608/(-9). Let x = -111 + n. Let c = x + 26. Is c composite?
True
Suppose -8*u + 9078 = -2*u. Is u prime?
False
Let f(c) = -1134*c + 173. Is f(-20) prime?
True
Let l(j) = -14*j - 2. Let v be l(-1). Is (-4407)/v*(17 - 1)/(-4) prime?
False
Suppose -3 = 2*g - 7. Let o(k) = k**2 + k - 2. Let f be o(g). Suppose -14 - 38 = -f*i. Is i composite?
False
Let o(b) = -b**2 + 26*b - 22. Let r be o(25). Suppose r*d = -3*u + 942, 3*u - 324 = 2*d - 3*d. Is d a composite number?
True
Let x be 48/9 - (-3)/(-9). Let k = x - 9. Is k/14 - 2678/(-14) composite?
False
Let q(f) = 3008*f - 69. Is q(1) a composite number?
False
Suppose -m + 4*m = -5*f + 783, -2*f + 526 = 2*m. Suppose -2*r = -m - 56. Is r a prime number?
False
Let z(h) = h**3 + 2*h**2 - 3*h - 2. Let s be z(-3). Let n(o) = -32*o**3 + o**2 + o + 2. Let m be n(s). Let w = 111 + m. Is w a prime number?
False
Suppose -5*r - 33 = 2*y, 0 = 4*r - 8*y + 4*y + 32. Let k(z) = -3 - 3*z + 7*z + 2*z**2 + 3*z. Is k(r) a prime number?
False
Let v = -3389 + 5467. Is v a composite number?
True
Suppose -5 = -2*o - 7. Is 4536/9 + o/(-1) composite?
True
Is (-2596950)/(-135) + 10/(-6) composite?
True
Suppose 2 = 3*q + 2. Is -1 + q + 7/(35/1950) composite?
False
Let o = 14 + -11. Let l be 1 + -1 + (o - 19). Is (-1)/(-2) - 2024/l a composite number?
False
Let f(t) = 105*t**2 - 14*t + 12. Is f(-5) a prime number?
True
Let f(d) = 14*d + 7. Let k(p) = 14*p + 6. Let s = -22 - -27. Let y(u) = s*k(u) - 6*f(u). Is y(-5) a composite number?
True
Suppose 0*k - 3*l = 2*k - 59, 33 = k + 5*l. Suppose -d + 33 + k = 0. Suppose d = 4*w - 3*y + 8*y, -3*w = 5*y - 42. Is w a composite number?
False
Let j(h) = -4*h - 21. Suppose -2*i - l + 0*l - 18 = 0, 32 = -3*i + l. Is j(i) a prime number?
True
Suppose 2*z = 4*i + i + 449, -5*i = 3*z - 611. Is (z/8)/((-3)/(-6)) prime?
True
Let h(n) = 123*n + 3. Let m(p) = -123*p - 4. Let s be (3 + 15/(-6))*-10. Let w(i) = s*h(i) - 4*m(i). Is w(-4) a composite number?
True
Let h(i) = i - 6. Let x = 13 - 13. Let w be h(x). Is (-99)/w*8/6 a composite number?
True
Let y = -923 - -1812. Is y prime?
False
Let m = 14453 - 4146. Is m a prime number?
False
Let x = -2874 + 8813. Let n = -202 + x. Is n a prime number?
True
Let l(j) = -j**3 + j**2 + 1. Let z(c) = 7*c**2 - 9*c + 8. Let k(h) = l(h) + z(h). Let d be k(7). Is 4/d - (-2676)/20 composite?
True
Let y(w) = -3*w - 2. Let k be y(4). Let u = k + 12. Is -